ber?
True
Let t(y) = 3 + 1 - 41*y - 4 + 8. Is t(-9) composite?
True
Let w(k) = 7*k**2 + 3*k + 1. Suppose 11*f - 25 = 6*f. Is w(f) prime?
True
Let o(b) = 8*b + 11. Let a be -3 + 7 + 3 + -1. Let y be 66/a - (2 - 1). Is o(y) a composite number?
True
Let g(h) = 37*h**2 + 2*h. Let n be g(2). Suppose -3*f = 214 + n. Let i = 211 + f. Is i composite?
False
Let l be -8*(21/(-6))/7. Suppose q + 385 = 4*k, l*q - 30 - 79 = -k. Is k prime?
True
Suppose 0 = 2*l + 3*l + 1295. Let h = 182 + l. Let c = 134 + h. Is c a prime number?
False
Suppose 3*p = 29 + 1. Let o be (-4)/p + 4/10. Suppose o*n = n - 11. Is n a composite number?
False
Let r(t) be the second derivative of -t**3/3 - 5*t**2 + 4*t. Let a be (-39)/4 - 1/4. Is r(a) a composite number?
True
Suppose 0 = -l + 2*q + 475, 0 = -4*l - 5*q + 1373 + 514. Is l a prime number?
False
Let d be 1/2 - (-1)/(-2). Suppose d = -8*s + 3*s + 165. Let a = s + -22. Is a a prime number?
True
Suppose 2*u - 584 = -5*b, 5*b - 599 = 4*u - u. Is b composite?
True
Let r be (0 - 6/(-3))*1. Suppose 10 = -7*g + r*g. Is g*(285/(-6))/5 prime?
True
Let h be -4*1*(-1)/(-2). Let l = h - -2. Suppose l = g + 3*g - 60. Is g composite?
True
Suppose 16 = 5*h + r, -2*r - 3 = -2*h + 1. Suppose h*t + 0 = -3. Is (-80 - t)/(-1 + 0) prime?
True
Suppose 0 = -36*g + 37*g - 2321. Is g composite?
True
Let a = -124 - 501. Let f = -440 - a. Is f a composite number?
True
Let k(r) = -13*r + 8. Let l be (-4)/(-18) + 332/(-36). Let i be k(l). Suppose o + 333 = 5*v - 304, 0 = v + o - i. Is v composite?
False
Let z(o) = o**3 + 3 + 0 - 14*o**2 + 15*o**2. Is z(0) a prime number?
True
Is (-749)/(-2)*(-2 + 4) prime?
False
Let k(d) = 1. Let r(p) = -26*p + 8. Let w(o) = k(o) - r(o). Is w(6) composite?
False
Suppose k + 1715 = 4*q - 4390, k - 3057 = -2*q. Is q composite?
True
Let o(p) = p - 5. Let x be o(6). Let r be (0 - x)/(0 - 1). Is 2 + (3 - 2)*r prime?
True
Suppose -2*m - 6 = -3*o, -2*m - 3*o + 27 = 3*m. Suppose 73 + 92 = m*i. Is i prime?
False
Let h = 65 - 40. Suppose -s - h = -3*t - 2*t, -5*s + 5 = t. Suppose t*d - 734 = -79. Is d a prime number?
True
Suppose -u + 6*u + 34 = 2*i, -22 = -i + 5*u. Let p = i + -7. Let w = p - -62. Is w a prime number?
True
Let n(c) = -c - 1. Let a be n(-3). Let l(t) = 2*t**3 + 10*t**a - 3*t - t**3 + 3*t + 8*t. Is l(-7) composite?
True
Let b(p) = p - 2 - 14*p + 0. Suppose -4*v + 18 = 6, v = 2*j + 9. Is b(j) a prime number?
True
Let z = 4 + -1. Suppose -2*w = z*p - 8*p + 19, -18 = -w - 3*p. Suppose -a = -w*a + 514. Is a prime?
True
Let x be (2 + 1)/(-3) - -389. Suppose 0 = -6*m + 2*m + x. Is m prime?
True
Is 1 + (13812 + -4)/4 composite?
True
Suppose 3*q = q + 74. Is q prime?
True
Let o(d) = 9*d**2 - 8*d + 2. Is o(3) composite?
False
Let w(n) = 21*n**2 + n - 4. Let z be w(-3). Let p = z - 105. Let j = p + -38. Is j composite?
True
Suppose -5*f - 5*q + 1520 = 0, -3*q - 1528 = f - 6*f. Is f prime?
False
Let d(j) = j**3 - 17*j**2 + 18*j + 23. Is d(16) composite?
True
Suppose 0 = 3*c + 2*c. Let a(l) = -3*l**3 - 2*l - 1. Let z be a(-2). Suppose c = -5*b + z - 7. Is b composite?
True
Let m(s) = 19*s**3 - 2*s**2 + 2*s - 3. Let d(x) = x - 10. Let y be d(12). Is m(y) composite?
True
Let g(i) = -77*i - 5. Is g(-2) prime?
True
Let z = -8 + 2. Let q = 4 + z. Is 10*1/2 - q a prime number?
True
Suppose -3*i = -6*i. Suppose -3*v + 19 + 2 = i. Is v a prime number?
True
Is (-4)/18 + 3035/9 prime?
True
Suppose 7*x - 10*x + 2739 = 0. Is x prime?
False
Let w = 32 + 8. Suppose w = 2*m - 5*k, 2*k - 22 = -3*m - 0*k. Is m composite?
True
Let t(h) = -h**2 - 3*h + 1. Let l be t(-3). Let g be -4 - l - (-1 - 1). Let y = 6 - g. Is y composite?
True
Suppose 0 = -8*x + 3*x, -2*x = -3*d - 15. Let s = 2 - d. Is s a prime number?
True
Let o(f) be the second derivative of f**3/6 + 127*f**2/2 - f. Is o(0) a composite number?
False
Suppose d - 1100 = -3*m + 520, 5*d = 3*m + 8118. Is d composite?
True
Suppose -5*h = -172 - 73. Let x be 1*-6*(-5)/2. Let r = h - x. Is r prime?
False
Suppose -4*t + 7*t - 567 = 4*p, -2*p = -4*t + 746. Is t a prime number?
False
Suppose 3*p + 23 = 32. Let h(a) = a**3 - 10*a**2 + 4*a + 8. Let z(g) = -g**3 + 11*g**2 - 5*g - 9. Let x(n) = -5*h(n) - 4*z(n). Is x(p) composite?
False
Suppose -5*l + l + p + 936 = 0, 4*l + 5*p - 912 = 0. Is l a composite number?
False
Let l = -602 + 3105. Is l a composite number?
False
Let j be 5/((-5)/(-4)) + 1676. Is (-4)/(-12) + j/9 prime?
False
Suppose 3*g - g + 4*v = -62, 0 = -5*g + 5*v - 185. Let a = g - -192. Is a prime?
True
Let r be (1/(-3))/(7/(-1155)). Let v = r - 34. Is v prime?
False
Suppose -4*l + 2*l - 3*t - 56 = 0, l = 3*t - 10. Is (-4)/8*l*1 a composite number?
False
Is -83*5/(3 + -8) composite?
False
Suppose -55 = 2*k - 3*k. Is k composite?
True
Let m be (0 - -1)/1 + 5. Let u(n) be the second derivative of 5*n**3/6 + 7*n**2/2 - 16*n. Is u(m) composite?
False
Suppose 0 = 6*d + 1156 - 8080. Is d a composite number?
True
Let z = -106 + -25. Let g = z + 222. Is g prime?
False
Let f(u) = 5*u**2 + 11*u + 7. Let o be f(-8). Let x = -98 + o. Is x a composite number?
True
Suppose 5*v - 6 = 14. Suppose v*f = 2*z - 30, -2*f = f - 6. Is z prime?
True
Suppose 2*p = -4*d + 1246, -d - 3*p = 3*d - 1247. Suppose 0 = 2*a + 89 - d. Is a a composite number?
True
Suppose 12*p - 4917 = 9*p. Is p a composite number?
True
Suppose 1 = -3*a + n, -2 = -a + 3*n - 5. Suppose a = 3*s - m - 3*m + 2, 5*m = 2*s + 13. Is 58 - 0 - 18/s a prime number?
False
Let y = 12 - 7. Suppose x + 2*q - 99 = 4*q, 0 = -y*x - 5*q + 480. Is x a composite number?
False
Suppose 0 = -5*h - 7414 + 964. Is 4/(-12) + h/(-9) a composite number?
True
Suppose 5*k + 540 = 2*o + o, -385 = -2*o - 5*k. Is o composite?
True
Suppose 5*s = x + s - 2939, 0 = 2*x + s - 5878. Is x a composite number?
False
Let w(j) = 9*j + 4. Let h(x) = x**3 + 6*x**2 - 4*x - 7. Let r be h(-6). Let l = r - 10. Is w(l) a composite number?
False
Suppose 0 = -2*x - 3*j + 10, 4*j = x + 5*j - 4. Suppose x*o = 6*o - 20. Suppose -o*v = -58 - 72. Is v a prime number?
False
Let h be 1 + 4 + 0 + 0. Let u = h + 2. Is u composite?
False
Let r be (-3444)/(-20)*5*1. Suppose -r = -2*l - l. Is l composite?
True
Suppose -2*k - 3*k - 2*u + 7 = 0, -3*u - 1 = -4*k. Is (-1 - -19)/1 + k prime?
True
Let l = 8 - 8. Is -19*(-3 - l) - -2 prime?
True
Suppose -2*w = s - 15, -3*s - 13 = 4*w - 48. Suppose -s*i = -9*i + 476. Is i composite?
True
Is 6 + 403 + (1 - 1) a composite number?
False
Let a = 5778 + -2413. Is a composite?
True
Let r be -3 - (-5)/((-15)/(-24)). Suppose 0 = -4*d - 2*b + 644, -r*d + 811 = 4*b + 12. Suppose -d = -v - 0*v. Is v a composite number?
False
Let o = 0 - -23. Is o composite?
False
Let j(v) = -12*v**3 - 3*v**2 - 2*v - 1. Let y be j(-2). Suppose -o = 2*o - y. Let r = o - 16. Is r prime?
True
Let q = 102 - 65. Is q a composite number?
False
Suppose 8*l - 3*l - 20 = 0. Suppose -5*n = -l*u - 549, 3*n - 5*u = -2*u + 327. Is n a composite number?
False
Let t = 143 + -92. Is t composite?
True
Let c be 18/4*(-20)/(-15). Suppose -3*g + c + 3 = 0. Suppose 0 = 4*o + 5*q - 380, g*o - 285 = 5*q - 4*q. Is o composite?
True
Suppose -b - 2 = -20. Let c = -2 - b. Is (-2 - c) + 2 + -1 composite?
False
Is 4 + (3 - 2 - -422) prime?
False
Let k(s) be the second derivative of 2*s**5/15 - s**3/6 + s**2 - 4*s. Let f(o) be the first derivative of k(o). Is f(4) prime?
True
Let v(g) = -4*g - 9. Is v(-5) prime?
True
Let x(v) be the third derivative of 5*v**4/4 + v**3/6 + 19*v**2. Suppose 0*b = -5*u + 3*b + 38, -3*u + 3*b + 24 = 0. Is x(u) a composite number?
False
Let v(o) be the second derivative of 16*o**4/3 - o**3/3 - o**2/2 - 2*o. Is v(-1) prime?
False
Is (1 - 588)*14/(-14) + 0 prime?
True
Suppose -d - 7 = 2*y - 273, -3*d + 823 = y. Let z = -149 + d. Is z prime?
True
Let w(k) be the first derivative of -45*k**2/2 - k - 2. Is w(-2) a prime number?
True
Let o(k) = 18*k**2 + 3*k + 1. Is o(-6) a composite number?
False
Suppose 2*y + 4*x - 658 = 2*x, 3*y = -x + 991. Is y composite?
False
Is (8 - 5) + 1312/4 a composite number?
False
Suppose -4*m + 2*m + 84 = -4*g, g + 23 = m. Let j be (-10)/2*264/10. Let b = g - j. Is b prime?
True
Let k(q) = 143*q + 4. Is k(5) prime?
True
Let u = -86 - -47. Let s = u + 76. Is s a composite number?
False
Let o = 41 + -29. Is (1228/6)/(8/o) a prime number?
True
Let i be 1/(-